 -v*o - 5143 = -13479. What is the tens digit of o?
2
Suppose -2*i = -68*x + 64*x + 27446, -3*i = x - 6844. What is the tens digit of x?
5
Suppose z = 5*g + 30, 0 = -3*g - 4*z - 8 - 33. Let u be (5490/(-105))/((-1)/g). Let n = u - -537. What is the tens digit of n?
7
Suppose 13*a = 2786 + 6236. Suppose -12*f = -a - 1514. What is the hundreds digit of f?
1
Suppose 0 = 26*g + 36*g - 637298. What is the units digit of g?
9
Suppose -20*b + 28 + 32 = 0. Suppose 2*g - 2*p = -b*g + 1173, -229 = -g - p. What is the units digit of g?
3
Suppose 3*p + 1 = 6*c - 4*c, p + 4*c = 23. Suppose 0 = 10*t - p*t - 2653. What is the tens digit of t?
7
Let r(q) = -21*q - 6 + 2*q - q. Suppose -z = 0, 0 = 32*h - 27*h + 3*z + 10. What is the units digit of r(h)?
4
Let b(f) = -61*f - 89. Let u be b(8). Let q = 1429 + u. What is the tens digit of q?
5
Let t = -297 - -282. Let s(j) = -j**3 - j + 11. Let f be s(0). Let l = f - t. What is the tens digit of l?
2
What is the tens digit of ((-13)/(-39))/((-1)/(-7341))?
4
Suppose 0 = -8*c + 43*c - 47320. Suppose -3*x = -2*i - 0*x + 1349, 2*i - c = 2*x. What is the tens digit of i?
7
Let i(t) = t**3 + 20*t**2 - 19*t + 45. Let b be i(-21). Suppose -v + 8 = b*v. Suppose 0 = 3*c, l = v*c - 1 + 101. What is the hundreds digit of l?
1
Let r(c) = -7*c - 118. Let w be r(14). Let o = 284 + w. What is the tens digit of o?
6
Let k(q) = 18*q - 7 + 17 - 45*q. Let h = -295 + 293. What is the tens digit of k(h)?
6
Let l be -8*((-150)/(-8) - 29/29). Let z = l + 186. What is the units digit of z?
4
Let w be (7*1)/(-3 - (-152)/48). What is the hundreds digit of (5994/w - 4/(-14)) + 1?
1
Let f(w) = -w**3 + 6*w**2 + 3*w - 6. Let i be f(6). Let v(n) = -18*n**2 + 2*n - 2. Let s be v(1). What is the tens digit of (-384)/9*s/i?
6
Suppose -h + 15 + 4 = -2*r, r + 5 = 0. Suppose -h = 10*b - 13*b. Suppose 0*l - 207 = -b*l. What is the units digit of l?
9
Suppose -128200 + 2124120 = 61*v. What is the ten thousands digit of v?
3
Let p(o) = 2598*o**2 + 36*o - 68. What is the ten thousands digit of p(2)?
1
Suppose 4*w + 2462 = -3*g, g + 747 = w - 69. Let n = g + 1811. What is the tens digit of n?
9
Let z(m) be the first derivative of -m**4/4 - 6*m**3 + 41*m**2/2 + 18*m + 22. Let y be z(-20). What is the units digit of (-2)/10*28*35/y?
8
What is the thousands digit of (6/(-12) + (-4616)/16)*-131?
7
Let g(f) = -f - 1. Let b(r) = -4*r + 10. Let u(n) = b(n) - 3*g(n). Let p be u(0). Suppose -p*q = -2*q - 1859. What is the tens digit of q?
6
Let f(p) = 3*p - 11. Let x be f(3). What is the units digit of 3*x*2/24*-1402?
1
Let p(n) = 6*n**3 - 2*n + n**3 + 6*n**3 - 13*n**3 - 3 + 2*n**3 - 2*n**2. Suppose 4*d - 12 = -s, d - 4*d = -3*s - 9. What is the tens digit of p(d)?
2
Let p = 21337 + -21027. What is the tens digit of p?
1
Let d(r) = -2*r**2 - 5*r + 1. Let y be d(-1). Suppose 13*u + 3384 = 2*k + 12*u, -y*k = 2*u - 6752. What is the thousands digit of k?
1
Suppose -6*b - 864 = 366. Let x = 313 - b. What is the hundreds digit of x?
5
Suppose 340252 = -49*c - 17*c + 88*c. What is the hundreds digit of c?
4
Let i(j) be the first derivative of j**4/4 + 3*j**3 - 7*j**2/2 - 5*j + 32. What is the hundreds digit of i(5)?
3
Let x(v) be the first derivative of -v**3/3 + 8*v**2 + 8*v - 4. Let f(c) = -c + 13. Let d be f(3). What is the tens digit of x(d)?
6
Suppose 5*h - 6*f - 485 = -f, -h + 99 = -3*f. What is the units digit of (h/40)/(1/335)?
4
Suppose 0 = -3*i - p + 24, -3*p - 5 = 4. What is the units digit of (-2236)/(-16) - i/(-36)?
0
Let w = 18 - 17. Let c(x) = 428*x**2 + 3*x - 1. Let m(q) = -641*q**2 - 4*q + 1. Let h(t) = -7*c(t) - 5*m(t). What is the tens digit of h(w)?
1
Suppose 17*n - 35 = 12*n. Let w(f) = -f + 9. Let q be w(n). Suppose q*d - 144 = 232. What is the tens digit of d?
8
Let m(q) = 280*q**2 + 97*q - 358. What is the hundreds digit of m(4)?
5
Suppose 3*c - 4 + 7 = 0. Let j(u) = 11*u**3 - u. Let g be j(c). What is the tens digit of (-324)/g - (-20)/(-50)?
3
Suppose 45*p - 880567 = 4*p + 349105. What is the thousands digit of p?
9
Suppose -3940 = -2*b - 0*b - 2*t, 2*t = -b + 1970. Suppose -4*m + 5*u - b = 0, -2*u + 2471 = -m - 4*m. Let n = m - -727. What is the tens digit of n?
3
Let r = 19857 + -14741. What is the thousands digit of r?
5
Let k be -1*((-22)/11)/(4/10). Suppose 0 = 2*s - k*u + u - 14, s - 7 = -2*u. Suppose 4*l + 336 = s*l. What is the tens digit of l?
1
Let t = 1 - -1. Suppose -5 = t*d - 3. What is the units digit of (-240)/(-3 + -1) - d?
1
Let i be (-11)/(-33)*(523 + -1). Suppose 170*l = i*l - 5148. What is the units digit of l?
7
Let f(t) = -6*t**2 - 24*t + 23. Let o be f(-17). Let m = o - -2557. What is the hundreds digit of m?
2
What is the hundreds digit of ((-2380)/6*222/(-592))/((-5)/(-1420))?
2
Let s(f) = 3*f + 24. Let v be s(-7). Suppose g = 2*h + v, 3*h + 7 = -g - 10. Let d = h + 29. What is the tens digit of d?
2
Let h = -47 + 54. Suppose 2*u - 4 = -l, -u - 7*l + 2*l - h = 0. Suppose -5*p + 37 = -u. What is the units digit of p?
8
Let h = 7 + -12. Let s(x) = 7*x**2 + 4*x + 11. Let q(j) = 8*j**2 + 3*j + 11. Let t(l) = -5*q(l) + 6*s(l). What is the tens digit of t(h)?
1
Suppose -11*u = 19*u - 180. Let k(y) = y**2 - 12*y + 96. What is the tens digit of k(u)?
6
Suppose -25 = 11*v - 3. What is the units digit of 3/(-9) + v/6*-148?
9
Suppose 0 = -s + 2*s - 48. Suppose h + 137 = -5*u, -5*h - 64 = -0*u + 2*u. Let a = s + u. What is the units digit of a?
1
Let k(j) = -j**3 - 15*j**2 - 25*j + 43. Let x be k(-13). What is the hundreds digit of (-4)/x - 193815/(-675)?
2
Let k = -160 - -163. Suppose -4*j + 3*u + u + 912 = 0, k*u = 2*j - 454. What is the tens digit of j?
3
Suppose -18*v + 4 = -17*v. Let s = 64 - 62. Suppose -5*w + 283 = 4*r, -v*w = -s*r - w + 169. What is the tens digit of r?
7
Let d = -238 + 286. What is the tens digit of ((-32)/d)/((-2)/1389) - -4?
6
Let b = 21631 + 20101. What is the hundreds digit of b?
7
Suppose 8*v - 6*v - 218 = 0. Let r be -8 + 258/30 + 34/10. Suppose -i = -3*s + 199 + v, 4*i = -r*s + 384. What is the hundreds digit of s?
1
Let j be ((-1 - -1) + -8)*(-9)/6. Suppose 3*d = l - 835, -4*l - j*d = -10*d - 3368. What is the hundreds digit of l?
8
Suppose 4*j - 1603 = -5*a, 0*a = 3*a - 5*j - 947. Let x = a + 86. What is the units digit of x?
5
Suppose -2*o = 8*o + 50. Let m(r) = -2 - 6 - 4*r - 1. What is the units digit of m(o)?
1
Let k be 1 - 0 - (-1 + 2). Suppose 6*m - 805 = -17*m. Suppose k = 3*o - 28 - m. What is the tens digit of o?
2
Let u = -27 + 35. Suppose 0 = -u*c + 7*c + 289. What is the units digit of (-10 - 1)/((-17)/c)?
7
Let f = -222 - -2069. Suppose -14*w + 2913 = -f. What is the tens digit of w?
4
Let f(k) = 394*k**2 + 38*k - 226. What is the ten thousands digit of f(7)?
1
Let h be ((-8)/(-6))/(0 + (-4)/(-9)). Let f = h + 88. What is the tens digit of f?
9
Let c(k) = 16*k**3 + 3*k**2 + k - 9. Let z be c(3). Let u = z - -270. What is the units digit of u?
3
Suppose 0 = 4*f - 20, -2*i = -3*f + 8*f - 3243. Suppose 5*n - 2*w = i, 12*w = -2*n + 13*w + 643. What is the tens digit of n?
2
Let p = 41 + 695. Let i = p - 351. What is the tens digit of i?
8
Let k be 50397/33 + ((-13)/11 - -1). Let j = -910 + k. What is the units digit of j?
7
Let g = 152 - 149. Suppose g*s + s - 20 = 0. What is the units digit of s?
5
Let a(j) = -j + 48. Let w be a(6). Let c = w + -39. Suppose 0*s + 226 = v - s, s = c*v - 678. What is the hundreds digit of v?
2
Let x be -1 - (-5 - 2/(-1)). Suppose -w + 3 = -3*y, 3*w + 2*y = -x*w + 15. Suppose 4*b - 5*q - 311 = 0, -w*b - 2*q + 220 = -19. What is the tens digit of b?
7
Let x(y) = -4*y - 44. Let r = 485 + -341. Let j = 127 - r. What is the tens digit of x(j)?
2
Suppose -17 = -4*q - 4*y + 39, -5*q - 3*y = -66. Suppose -3430 = -q*n + 8198. What is the tens digit of n?
6
Let z = 14568 + 1178. What is the ten thousands digit of z?
1
Suppose -6699 = -3*i + 1356. Suppose 0 = -11*h + i + 3145. What is the tens digit of h?
3
Let b be (-3)/(-14 + 2) - (-687)/(-12). Let v = -76 - b. Let s(f) = -f**3 - 18*f**2 + 18*f + 11. What is the tens digit of s(v)?
3
Let x(l) = 40*l - 37. Suppose 73 = -9*s + 136. What is the units digit of x(s)?
3
What is the tens digit of (-1 - 1)/(-9 - -7)*(-29364)/(-1)?
6
Suppose 4*f + 19 = 5*s - 0, -3*s + 4*f = -13. Suppose g - n = -2, -s*n + 9 = -4*g - 1.